{"id":1904,"date":"2014-08-25T12:40:33","date_gmt":"2014-08-25T12:40:33","guid":{"rendered":"http:\/\/plethorathemes.com\/dev\/cleanstart\/?page_id=23"},"modified":"2019-03-04T18:59:00","modified_gmt":"2019-03-04T21:59:00","slug":"contact","status":"publish","type":"page","link":"https:\/\/infinityproducoes.com.br\/site\/contact\/","title":{"rendered":"CONTATO"},"content":{"rendered":"<div id=\"dslc-theme-content\"><div id=\"dslc-theme-content-inner\"><section id=\"\"  class=\"light\"> <div class=\"container\">  <div class=\"row\"><div class=\"col-md-4  text-default\" ><div class=\"team_member office_address\"><img decoding=\"async\" src=\"https:\/\/infinityproducoes.com.br\/site\/wp-content\/uploads\/2019\/01\/logo-500x.png\"  alt=\"Infinity Produ\u00e7\u00f5es\"><h5>Infinity Produ\u00e7\u00f5es<\/h5><small>INFINITY PRODU\u00c7OES GR\u00c1FICAS LTDA ME CNPJ: 06.348.595\/0001-57<\/small><br><br><address>Av. Brasil 461 &#8211; Lages \/ SC<\/address>\n<p><abbr title=\"Phone\">Telefone:<\/abbr>\u00a0(49) 3225.1242<br \/>\nE-mail: contato@infinityproducoes.com.br<\/p>\n<\/div><\/div><div class=\"col-md-8  text-default\" >[vc_column_text]<div role=\"form\" class=\"wpcf7\" id=\"wpcf7-f1922-o1\" lang=\"en-US\" dir=\"ltr\">\n<div class=\"screen-reader-response\"><\/div>\n<form action=\"\/site\/wp-json\/wp\/v2\/pages\/1904#wpcf7-f1922-o1\" method=\"post\" class=\"wpcf7-form\" novalidate=\"novalidate\">\n<div style=\"display: none;\">\n<input type=\"hidden\" name=\"_wpcf7\" value=\"1922\" \/>\n<input type=\"hidden\" name=\"_wpcf7_version\" value=\"5.1.1\" \/>\n<input type=\"hidden\" name=\"_wpcf7_locale\" value=\"en_US\" \/>\n<input type=\"hidden\" name=\"_wpcf7_unit_tag\" value=\"wpcf7-f1922-o1\" \/>\n<input type=\"hidden\" name=\"_wpcf7_container_post\" value=\"0\" \/>\n<input type=\"hidden\" name=\"g-recaptcha-response\" value=\"\" \/>\n<\/div>\n<div class=\"row\">\n<div class=\"col-sm-6 col-md-6\">\n<label>Nome<\/label><br \/>\n<span class=\"wpcf7-form-control-wrap your-name\"><input type=\"text\" name=\"your-name\" value=\"\" size=\"40\" class=\"wpcf7-form-control wpcf7-form-control form-control wpcf7-validates-as-required form-control\" aria-required=\"true\" aria-invalid=\"false\" \/><\/span>\n<\/div>\n<div class=\"col-sm-6 col-md-6\"> <label>E-mail<\/label><br \/>\n<span class=\"wpcf7-form-control-wrap your-email\"><input type=\"email\" name=\"your-email\" value=\"\" size=\"40\" class=\"wpcf7-form-control wpcf7-form-control form-control wpcf7-form-control form-control wpcf7-validates-as-required wpcf7-validates-as-email form-control\" aria-required=\"true\" aria-invalid=\"false\" \/><\/span>\n<\/div>\n<\/div>\n<div class=\"row\">\n<div class=\"col-sm-12 col-md-12\">\n<label>Assunto<\/label><br \/>\n<span class=\"wpcf7-form-control-wrap your-subject\"><input type=\"text\" name=\"your-subject\" value=\"\" size=\"40\" class=\"wpcf7-form-control wpcf7-form-control form-control form-control\" aria-invalid=\"false\" \/><\/span>\n<\/div>\n<\/div>\n<div class=\"row\">\n<div class=\"col-sm-12 col-md-12\">\n<label>Mensagem<\/label><br \/>\n<span class=\"wpcf7-form-control-wrap your-message\"><textarea name=\"your-message\" cols=\"40\" rows=\"10\" class=\"wpcf7-form-control wpcf7-form-control wpcf7-form-control form-control form-control\" aria-invalid=\"false\"><\/textarea><\/span>\n<\/div><\/div>\n<div class=\"row\">\n<div class=\"col-sm-12 col-md-12\">\n<input type=\"submit\" value=\"Enviar\" class=\"wpcf7-form-control wpcf7-submit btn btn-primary btn btn-primary\" \/>\n<\/div>\n<\/div>\n<div class=\"wpcf7-response-output wpcf7-display-none\"><\/div><\/form><\/div>[\/vc_column_text]<\/div>  <\/div>  <\/div><\/section>\n<\/div><\/div>","protected":false},"excerpt":{"rendered":"Infinity Produ\u00e7\u00f5esINFINITY PRODU\u00c7OES GR\u00c1FICAS LTDA ME CNPJ: 06.348.595\/0001-57Av. Brasil 461 - Lages \/ SC Telefone:\u00a0(49) 3225.1242 E-mail: contato@infinityproducoes.com.br [vc_column_text] Nome E-mail Assunto Mensagem [\/vc_column_text]","protected":false},"author":1,"featured_media":0,"parent":0,"menu_order":6,"comment_status":"closed","ping_status":"closed","template":"","meta":{"_joinchat":[],"footnotes":""},"class_list":["post-1904","page","type-page","status-publish","hentry"],"_links":{"self":[{"href":"https:\/\/infinityproducoes.com.br\/site\/wp-json\/wp\/v2\/pages\/1904","targetHints":{"allow":["GET"]}}],"collection":[{"href":"https:\/\/infinityproducoes.com.br\/site\/wp-json\/wp\/v2\/pages"}],"about":[{"href":"https:\/\/infinityproducoes.com.br\/site\/wp-json\/wp\/v2\/types\/page"}],"author":[{"embeddable":true,"href":"https:\/\/infinityproducoes.com.br\/site\/wp-json\/wp\/v2\/users\/1"}],"replies":[{"embeddable":true,"href":"https:\/\/infinityproducoes.com.br\/site\/wp-json\/wp\/v2\/comments?post=1904"}],"version-history":[{"count":4,"href":"https:\/\/infinityproducoes.com.br\/site\/wp-json\/wp\/v2\/pages\/1904\/revisions"}],"predecessor-version":[{"id":2293,"href":"https:\/\/infinityproducoes.com.br\/site\/wp-json\/wp\/v2\/pages\/1904\/revisions\/2293"}],"wp:attachment":[{"href":"https:\/\/infinityproducoes.com.br\/site\/wp-json\/wp\/v2\/media?parent=1904"}],"curies":[{"name":"wp","href":"https:\/\/api.w.org\/{rel}","templated":true}]}}